it of q?
1
Suppose l - 43 + 16 = 0. Let q = -11 + l. What is the tens digit of q?
1
Suppose 11*v = -0*v + 2860. What is the hundreds digit of v?
2
Let o = 0 + -3. Let y be (-63)/(-14) - o/(-2). Suppose y*d - 8*d = -45. What is the units digit of d?
9
Let w be (-42)/(-18)*(-18)/2. Let s = -6 - w. What is the units digit of s?
5
Suppose -3*c + 3*n = -18, 13 = -5*n - 7. Suppose 0*v = c*a + 3*v - 8, -20 = -5*a - 5*v. What is the units digit of 11/2 + (-6)/a?
4
Let w(d) = -d**2 - 6*d - 4. Let z be (-13)/2 - (-3)/6. Let c be w(z). Let f = c - -11. What is the units digit of f?
7
Let i(m) = 3*m + 7. Let q be i(6). Suppose -q - 30 = -5*j. What is the units digit of j?
1
Let x(l) = -l + 1. Let v be x(-4). Suppose -v*g = 2*h - 91, 2*g = -3*h - 2*h + 175. What is the tens digit of h?
3
Let r(b) = 2*b + 16. What is the units digit of r(14)?
4
Let y(n) = 6*n**2. Let m be y(-1). Let t be (-1)/(-2) - 3/m. Suppose t = -0*u - u + 5. What is the units digit of u?
5
Let k(z) = -z**3 + z**2 - 3. Let i be k(-3). Suppose 113 = 4*y + i. Let s = y + -9. What is the units digit of s?
1
Let q = -6 - -10. Suppose 8 = c + x, -6*c = -10*c + q*x - 8. What is the units digit of c?
3
Suppose -2*r - 3*r = -125. What is the tens digit of r?
2
Let h(j) = 3*j + 0*j - 10 + 8*j. Let x(a) = 17*a - 15. Let v(z) = 8*h(z) - 5*x(z). What is the units digit of v(4)?
7
Let n(s) = -6*s - 2. Let d be n(2). Let a = -11 - d. What is the units digit of a?
3
Suppose -5*r = -6*r. Suppose r = -z - 2*z + 2*y + 1, 2*y = 8. What is the units digit of z?
3
Let g be (-99)/(-15) + (-6)/10. Suppose 17*p - g = 16*p. What is the units digit of p?
6
Let z(w) = 6*w**2 - w + 1. Let o be z(1). Suppose -5*l - 46 = -o*l. What is the tens digit of l?
4
Let c be (-30)/(0 - (4 + -5)). Let w = 0 - c. What is the tens digit of w?
3
Let b be (-1)/(-3) - (-48)/18. Suppose -b*a + 5*a = 10. What is the units digit of a?
5
What is the tens digit of 2/(-10) + (-786)/(-30)?
2
Suppose -3*w + 293 = 5*v, 2*w = 6*w - 5*v - 379. What is the tens digit of w?
9
Let a = -16 + 67. Let g = a + -36. What is the tens digit of g?
1
Let w = 23 - -15. What is the tens digit of w?
3
Let j(z) = 4*z**3 + 2*z**2 - 1. What is the units digit of j(1)?
5
Suppose -4*i + i = 9. What is the tens digit of (-14)/(-4)*(i - -9)?
2
Let p(f) = f. Let x(a) = 2*a**3 + a - 4 + 3 - 3*a**3 + 4*a**2. Let z(m) = 2*p(m) + x(m). What is the units digit of z(4)?
1
Suppose -4*i - 241 = -5*n + 378, 5*n - 3*i = 623. What is the tens digit of n?
2
Suppose -895 = -6*n - 289. What is the hundreds digit of n?
1
Suppose -5*o = 3*b - 0*b - 483, 0 = -4*o + b + 383. What is the units digit of o?
6
Let t be (-156)/(-27) + 2/9. Suppose -t*h = -h - 145. What is the units digit of h?
9
Let s = -3 + 12. Let o(u) = u - 1. What is the units digit of o(s)?
8
Suppose 0*b + 3*b = 3. Let y(u) = 20*u**2 - 1. What is the tens digit of y(b)?
1
Let t(p) = p**2 + 8*p + 13. What is the tens digit of t(-10)?
3
Suppose 15 = 2*h - 31. Suppose -4*z = z + n - h, 0 = 2*z - 5*n - 20. What is the units digit of z?
5
What is the units digit of 2/3 - 225/(-27)?
9
Let h(l) = l**2 - 4*l - 8. Let w(i) = -i**2 + 6. Let r be w(0). Let x be h(r). Suppose 0 = 3*u + 5*o - 4*o - 20, -x*u = -3*o - 44. What is the units digit of u?
8
Suppose 12 = -3*v, -4*y - 20 = 5*v - 140. What is the units digit of y?
5
Let y be 0/(3 - 0) + 4. Suppose 115 - 15 = y*i. What is the tens digit of i?
2
Let f be (1/3)/((-4)/(-36)). Let r(x) = x**3 - 2*x**2 - 3*x - f*x**2 + x**2 - 3. What is the units digit of r(5)?
7
Suppose 37 - 13 = 2*d. Let k = 22 - d. What is the units digit of k?
0
Suppose -7*p - 6 = -9*p. Let j(n) = n**3 + n**2 - n + 1. Let a be j(0). Let k = p + a. What is the units digit of k?
4
Let k = 9 + 1. Suppose 3*d - k - 38 = 0. What is the tens digit of d?
1
Suppose -80 = -5*x + 55. What is the units digit of x?
7
Let j(l) = 8*l**2 + 4*l - 39. What is the tens digit of j(-6)?
2
Let i(t) = -7*t - 5. Let g(f) = -7*f - 6. Let l(h) = 3*g(h) - 2*i(h). Let r(q) = -15*q - 17. Let s(v) = 13*l(v) - 6*r(v). What is the units digit of s(-3)?
1
Suppose 3*u - 51 = 3*m, -u - 120 = -6*u - 2*m. Let a = u + -5. What is the units digit of a?
7
Let h(j) = -10*j + 2. What is the tens digit of h(-1)?
1
Let v(u) = 28*u**2 + 2*u + 1. What is the tens digit of v(-3)?
4
Let c = 57 + -28. Let j = -21 + c. Let x(m) = m**2 - 8*m + 3. What is the units digit of x(j)?
3
Suppose -2*x - 310 = -4*u, x + 165 = 2*u + 2*x. Suppose -u = h - 6*h. What is the tens digit of h?
1
Let c(k) = -k**3 + 12*k**2 - 9*k - 5. What is the tens digit of c(5)?
2
Let r(i) = 2*i + 22. Let h be r(-10). Suppose -h*w - 105 = -7*w. What is the units digit of w?
1
Suppose g - 4*b - 309 = -0*b, 2*g - b - 583 = 0. What is the units digit of g?
9
Let t(h) = h**2 + h - 19. What is the units digit of t(13)?
3
What is the tens digit of (-14)/21 + 1/3*227?
7
Let w(b) = b**3 + 10*b**2 - 1. Let v be w(-10). What is the units digit of (-28 + (0 - 1))/v?
9
Let q = -111 + 178. What is the units digit of q?
7
Suppose 0 = -z + 6 + 16. What is the units digit of z?
2
Suppose 4*w - 8 = -4*x, -10 = 4*w - 2*x + 12. Let t be -1 + (-3)/w*-1. What is the tens digit of t/(-7) - (-309)/21?
1
Suppose -d - 25 = -c, -3*d - 22 = -2*c + 33. Suppose 0 = -7*y + 2*y + c. Let k = 1 + y. What is the units digit of k?
5
Let r(p) be the third derivative of p**6/120 - 3*p**5/20 + p**4/6 - 11*p**3/6 - 3*p**2. What is the units digit of r(9)?
5
What is the units digit of (3/6)/(3/18)?
3
Let h(b) = b**3 - 5*b**2 + 4*b + 7. Let a be h(5). Suppose l - z + a = 6*l, -3*l + 23 = 4*z. What is the units digit of 8/20 - (-3)/l?
1
Suppose 0 = -4*o - 9 + 25. Let z = 160 + -95. Suppose -o*q = q - z. What is the units digit of q?
3
Let f(d) = 5*d + 4*d**2 + 0*d**2 - 2*d**2. What is the tens digit of f(-4)?
1
Let a be 14*((-28)/(-8) - -2). Suppose 4*w - a = i - 2*i, -3*w + 4*i = -72. What is the tens digit of w?
2
Let w(x) = -x**3 - 6*x**2 - 6*x - 4. Let y be (-3 + 0)*(-3)/(-9). Let p = -4 + y. What is the units digit of w(p)?
1
Suppose 3*i + 28 = -i + 4*w, -5*i + 2*w = 29. What is the units digit of (-5)/2*(i - -3)?
5
Suppose 0*j - 5*j = -325. What is the units digit of j?
5
Let o(y) = 3*y - 7. Let x(h) = -h**2 - 4*h + 1. Let u be x(-2). What is the units digit of o(u)?
8
Let s = -5 + 2. Let n(x) = 5*x**3 + 17*x**2 + 14*x + 3. Let u(a) = -2*a**3 - 8*a**2 - 7*a - 2. Let z(y) = s*n(y) - 7*u(y). What is the tens digit of z(6)?
1
Let n(d) = -d**3 - 2*d**2 + 6*d + 5. What is the tens digit of n(-4)?
1
Let r(d) = -2*d + 6. Let y be r(7). Let i = y + 12. What is the units digit of i?
4
Suppose -2*t - 74 = t + 4*g, 4*g + 52 = -2*t. What is the units digit of (-4)/t + 192/33?
6
Let s(i) = i**2 - i - 2. Let t be s(3). Suppose -2*c - 12 = -v - t*v, 4*c + 6 = v. Let l = 7 - v. What is the units digit of l?
5
Let o be 324/8*8/6. Let s = o - 7. What is the tens digit of s?
4
Suppose 7*p - 860 = 3*p. What is the tens digit of p?
1
Suppose 5*c + 0*c - 5 = 0. Suppose 0 = a - c - 6. What is the units digit of a?
7
Suppose -2*k - 60 = -3*m - 7*k, 4*m = 5*k + 115. Let w be 0*(1 - 4 - -4). Suppose 5*i = -w*i + m. What is the units digit of i?
5
Let p be 10 + 0/(-1) - 2. Suppose 4*b - p*b = -r - 5, 0 = -r + b + 4. Suppose 0 = q - 3*w + 1, r*q = 2*q + 3*w + 7. What is the units digit of q?
2
Let b = -29 + 50. Let d = -6 - -11. Suppose -d*x = -24 - b. What is the units digit of x?
9
Let x(w) = w**2 + 2*w + 3. Let y be x(-2). Let s be -13*y*(-5 - -4). Suppose g - s = -2*g. What is the units digit of g?
3
Let q be 11/(-2)*(-16)/8. Let x = q - 5. What is the units digit of x?
6
Suppose -87 = -0*g + 3*g. Let u = -16 - g. Let h = 23 - u. What is the units digit of h?
0
Suppose -n + 0 = -4. Suppose n*s = -2*t + s + 10, -t + 2*s - 2 = 0. Suppose m - 9 = -x - 0*x, t*m - 3*x - 18 = 0. What is the units digit of m?
9
Let g be 1*(9 + -1)/(-4). What is the units digit of (g - 5/(-2))*38?
9
Suppose -3*h - 1 = -7. What is the units digit of 85/15 - h/(-6)?
6
Let s be 2 - 1 - (-6)/(-3). Let l be 1*(s + 1)/2. Suppose -4*u + 0*v - v + 45 = 0, l = -u - 5*v + 35. What is the tens digit of u?
1
Let q(o) = 12*o + 2. What is the units digit of q(8)?
8
Let o = 14 - 12. Let m = -1 + o. What is the units digit of m?
1
What is the hundreds digit of (2/(-2))/(-2)*(634